 b(9)?
1276
Let j(l) = 3*l**3 + 43*l**2 - 509*l - 71. Determine j(-22).
-5
Let l(s) = -2*s**3 + 137*s**2 + 364*s + 10083. Give l(72).
3
Let i(a) = 322*a - 50462. Determine i(157).
92
Let q(o) = 3*o**3 - 1203*o**2 + 1104*o + 38266. What is q(400)?
-134
Let g(u) = -u**3 - 44*u**2 - 377*u - 992. Calculate g(-30).
-2282
Let x(f) = 23657*f - 2223747. Determine x(94).
11
Let n(y) = 2*y**3 + 38*y**2 - 91*y - 107. What is n(-21)?
40
Let b(p) = 84*p**2 + 1336*p - 3999. What is b(3)?
765
Let u(t) = -131*t + 73741. Determine u(563).
-12
Let r(x) = -x**2 - 88*x - 1915. Calculate r(-35).
-60
Let i(n) = -37*n - 787. Determine i(-32).
397
Let r(o) = 4940964*o + 59291562. What is r(-12)?
-6
Let l(m) = -228*m - 899. Determine l(-2).
-443
Let h(q) = -411*q**2 - 115557*q - 18540. Determine h(-281).
6
Let x(t) = -1938*t**2 - 13552*t + 13. Determine x(-7).
-85
Let i(b) = -b**3 + 36*b**2 + 44*b - 2455. What is i(35)?
310
Let l(w) = -15453*w + 34243851. Determine l(2216).
3
Let i(n) = n**3 + 107*n**2 + 91*n - 1315. What is i(-106)?
275
Let n(i) = 34*i**2 + 2833*i - 4908. What is n(-85)?
-63
Let f(h) = 10*h**2 + 6676*h - 77413. Calculate f(-679).
-7
Let m(p) = -10*p**2 - 7*p + 166. What is m(4)?
-22
Let b(y) = 10*y**2 - 215*y - 801. Give b(26).
369
Let n(s) = -2*s**3 - 241*s**2 - 756*s + 7375. Calculate n(-117).
4
Let t(a) = -85331*a + 2218595. Give t(26).
-11
Let t(g) = 4*g**3 - 185*g**2 + 860*g + 71. What is t(41)?
30
Let a(d) = -32033*d + 2402466. Give a(75).
-9
Let y(p) = 3*p**2 + 1326*p + 106144. Give y(-337).
-11
Let o(v) = -126929*v + 6600280. Determine o(52).
-28
Let n(c) = -4*c**3 - 31*c**2 - 211*c - 75. What is n(-5)?
705
Let o(l) = -126*l + 683. Give o(0).
683
Let s(l) = 8*l**2 + 110*l + 570. Determine s(-5).
220
Let z(c) = 13*c**2 + 128*c + 1449. Give z(-14).
2205
Let v(y) = -4*y**2 - 372*y - 4638. Determine v(-80).
-478
Let s(l) = -11*l**2 + 1599*l - 16243. Calculate s(11).
15
Let o(r) = 2*r**3 + 1116*r**2 + 21537*r + 377. What is o(-20)?
37
Let i(d) = -d**3 - 71*d**2 - 908*d + 533. Determine i(-54).
-7
Let p(z) = z**3 - 792*z**2 + 53134*z - 1420. Calculate p(718).
16
Let y(h) = -6503*h + 292266. Determine y(45).
-369
Let f(i) = 1788*i + 8577. What is f(-4)?
1425
Let j(f) = 3*f**2 + 240*f + 1159. Calculate j(-74).
-173
Let v(g) = g**2 - 766*g + 51003. Calculate v(74).
-205
Let k(r) = r**3 - 18*r**2 - 240*r - 99. Determine k(27).
-18
Let v(l) = -312*l**2 + 35*l - 41. Determine v(2).
-1219
Let b(l) = -263003*l - 263010. Determine b(-1).
-7
Let h(v) = 107*v**2 - 626*v + 4. Determine h(6).
100
Let r(g) = g**3 + 13*g**2 + 665*g + 2475. What is r(-4)?
-41
Let i(t) = -2*t**2 - 973*t + 38709. Give i(37).
-30
Let u(f) = -f**2 - 1409*f - 68160. Determine u(-50).
-210
Let y(k) = -4*k - 182. What is y(-58)?
50
Let o(f) = 42*f**2 - 4660*f + 4406. Calculate o(110).
6
Let q(h) = 4*h**2 + 772*h + 19549. Give q(-163).
-11
Let a(z) = -11*z**3 + 15*z**2 + 10*z - 41. What is a(-3)?
361
Let h(g) = g**3 - 39*g**2 + 143*g + 339. What is h(6)?
9
Let g(d) = -328*d - 4768. Calculate g(-4).
-3456
Let p(q) = -q**3 + 24*q**2 + 679*q - 14701. Determine p(19).
5
Let h(z) = 54*z**2 - 280*z + 852. Give h(3).
498
Let y(q) = 773*q + 3028. Calculate y(-8).
-3156
Let m(w) = 51779*w - 362439. Determine m(7).
14
Let g(p) = 6754*p + 40676. Determine g(-6).
152
Let v(q) = 4*q**2 + 16483*q + 148011. What is v(-9)?
-12
Let v(g) = 7*g + 341. What is v(-17)?
222
Let u(b) = 4*b**2 - 209*b - 1673. What is u(59)?
-80
Let h(s) = -3*s**2 + 200*s - 779. What is h(62)?
89
Let m(q) = -q**2 + 92014*q + 59. Determine m(0).
59
Let n(r) = -r**2 - 3514*r - 66449. What is n(-19)?
-44
Let t(n) = n**3 - 9*n**2 + 18439*n - 73675. What is t(4)?
1
Let f(p) = 2020*p + 908997. Determine f(-450).
-3
Let d(m) = -48*m - 10381. Give d(-202).
-685
Let j(k) = k**2 + 48*k - 3175. Calculate j(40).
345
Let b(w) = -2*w**3 + 35*w**2 - 18*w - 24. Calculate b(17).
-41
Let f(v) = 13945*v + 1422285. Determine f(-102).
-105
Let o(t) = t**2 - 294963*t + 884885. Determine o(3).
5
Let n(c) = 2827*c + 22998. What is n(-8)?
382
Let u(i) = 4*i**2 - 2472*i - 9966. Calculate u(-4).
-14
Let i(p) = -p**3 - 1106*p**2 - 5501*p + 17. Calculate i(-5).
-3
Let f(s) = 4*s**2 + 184*s + 1480. What is f(-35)?
-60
Let p(g) = -1445*g + 5881. Calculate p(4).
101
Let t(n) = -n**3 + 16*n**2 + 649*n + 430. What is t(35)?
-130
Let f(n) = -6*n**2 + 445*n + 4997. Determine f(84).
41
Let h(u) = -4787*u + 177350. What is h(37)?
231
Let f(c) = 24*c**2 + 349*c - 1410. Calculate f(4).
370
Let z(t) = -7*t**3 - 46*t**2 - 46427*t - 325142. What is z(-7)?
-6
Let a(u) = -36*u**2 - 23138*u - 23128. Determine a(-1).
-26
Let f(k) = 508*k - 2143. Give f(6).
905
Let x(k) = -k**2 + 293*k + 47668. Give x(-117).
-302
Let d(n) = -170*n**3 - 29*n**2 - 58*n + 88. Determine d(1).
-169
Let l(t) = t**2 + 3591*t + 21568. Determine l(-6).
58
Let d(m) = 26*m**3 - 367*m**2 - 124*m + 2334. Determine d(14).
10
Let f(u) = -44*u**3 + 142*u**2 - 97*u - 13. Determine f(1).
-12
Let k(p) = 7012*p + 53280. Give k(-7).
4196
Let v(p) = -1766*p + 527972. Calculate v(299).
-62
Let s(l) = 8*l**3 - 75*l**2 + 5323*l - 53731. Calculate s(10).
-1
Let r(l) = 3*l**2 - 33*l - 4533. Calculate r(-34).
57
Let a(z) = -345384*z - 6907714. Determine a(-20).
-34
Let h(f) = 7*f**3 + 49*f**2 + 175*f + 12. Give h(-4).
-352
Let g(n) = 377972*n - 5669609. Determine g(15).
-29
Let j(m) = -m**3 + 187*m**2 + 83*m - 49940. Give j(186).
94
Let z(u) = 111*u**2 - 5233*u + 609. What is z(47)?
-143
Let j(d) = -1293*d - 6663. What is j(-6)?
1095
Let z(h) = -16450*h - 16453. Determine z(-1).
-3
Let l(i) = 20*i**2 - 2900*i + 4592. Determine l(143).
-1128
Let u(l) = 21517*l - 21465. Calculate u(1).
52
Let b(c) = 2558*c + 1077069. Determine b(-421).
151
Let m(v) = 1163643*v - 3490913. Calculate m(3).
16
Let y(b) = -118*b**2 - 672*b + 667. What is y(1)?
-123
Let y(a) = -18*a + 3488. What is y(190)?
68
Let k(r) = 2817*r + 28049. Calculate k(-10).
-121
Let j(c) = 57*c**2 - 807*c - 717. Give j(15).
3
Let c(t) = t**3 - 209*t**2 - 628*t - 1901. What is c(212)?
-205
Let l(g) = -26*g**2 - 9526*g + 28580. Determine l(3).
-232
Let c(x) = -19354*x + 348362. What is c(18)?
-10
Let q(t) = 542*t**2 + 938*t + 942. What is q(-1)?
546
Let u(t) = 955887*t + 9558863. What is u(-10)?
-7
Let f(b) = -b**3 + 633*b**2 - 100168*b + 622. What is f(314)?
-6
Let m(f) = -f**3 - 6*f**2 + 28819*f + 172934. Give m(-6).
20
Let w(b) = 1053*b - 28760. Calculate w(27).
-329
Let i(d) = -d**3 + 16*d**2 + 7903*d - 63719. Give i(8).
17
Let w(i) = -194*i**2 + 2445*i + 33. Give w(13).
-968
Let s(a) = 8*a**2 + 511827*a - 1023657. Give s(2).
29
Let y(f) = -794*f**2 - 4757*f + 9. Calculate y(-6).
-33
Let n(l) = -2*l**3 + 1171*l**2 - 10925*l - 10947. Calculate n(576).
-3
Let j(u) = 13*u**3 + 2*u**2 - 2*u - 29. Give j(-4).
-821
Let i(a) = 16716*a - 635210. What is i(38)?
-2
Let f(q) = -5*q**3 + 344*q**2 + 60*q + 473. Determine f(69).
-148
Let h(b) = b**3 - 386*b**2 + 4489*b - 377. Determine h(374).
-3
Let u(q) = -3487*q - 6747. Give u(-2).
227
Let d(j) = 2*j**3 - 2189*j**2 + 443004*j + 133. Determine d(268).
133
Let w(s) = 6*s**2 - 22722*s + 22723. Calculate w(1).
7
Let u(h) = 2*h**2 + 245*h + 3493. Calculate u(-17).
-94
Let d(j) = -3*j**3 + 1670*j**2 + 13556*j + 5. What is d(-8)?
-27
Let b(i) = 1569*i + 23393. Determine b(-15).
-142
Let o(j) = 3*j**2 - 17*j - 16335. Determine o(-71).
-5
Let t(a) = -10544*a + 73774. Give t(7).
-34
Let l(h) = 396*h**3 + 30493*h**2 + 80*h + 231. Determine l(-77).
0
Let u(k) = 1816*k - 6828. Determine u(4).
436
Let q(l) = 1148*l + 24211. What is q(-21)?
103
Let s(v) = 19884*v - 356299. What is s(18)?
1613
Let u(f) = 26007*f - 104038. Determine u(4).
-10
Let i(q) = 2*q**2 + 324*q + 7114. Give i(-136).
42
Let r(m) = 57187*m - 1601231. Determine r(28).
5
Let k(g) = -g**3 - 291*g**2 + 1842*g + 17816. What is k(-297)?
-4
Let f(u) = 14*u**2 + 2388*u - 7304. Determine f(3).
-14
Let q(j) = -j**2 + 81*j - 1972. Determine q(31).
-422
Let t(n) = 7*n**2 - 193*n + 336. Calculate t(26).
50
Let c(n) = 9*n**2 - 241*n - 957. Determine c(-4).
151
Let k(n) = -12*n**2 - 3821*n + 9964. Determine k(-321).
13
Let b(i) = i**3 + 127*i**2 + 637*i + 586. What is b(-4)?
6
Let f(i) = -3*i**2 + 149*i + 10039. What is f(84)?
1387
Let m(i) = -390*i - 4096. What is m(-12)?
584
Le